{"id":850,"date":"2020-10-25T04:03:52","date_gmt":"2020-10-25T03:03:52","guid":{"rendered":"https:\/\/phbbank.com\/?page_id=850"},"modified":"2020-12-05T17:47:08","modified_gmt":"2020-12-05T16:47:08","slug":"luxcard","status":"publish","type":"page","link":"https:\/\/phbbank.com\/index.php\/luxcard\/","title":{"rendered":"LuXcard"},"content":{"rendered":"\t\t<div data-elementor-type=\"wp-page\" data-elementor-id=\"850\" class=\"elementor elementor-850\" data-elementor-settings=\"[]\">\n\t\t\t\t\t\t<div class=\"elementor-inner\">\n\t\t\t\t\t\t\t<div class=\"elementor-section-wrap\">\n\t\t\t\t\t\t\t<section class=\"elementor-section elementor-top-section elementor-element elementor-element-1a07c31 elementor-section-height-min-height elementor-section-boxed elementor-section-height-default elementor-section-items-middle\" data-id=\"1a07c31\" data-element_type=\"section\" data-settings=\"{&quot;background_background&quot;:&quot;classic&quot;,&quot;ekit_has_onepagescroll_dot&quot;:&quot;yes&quot;}\">\n\t\t\t\t\t\t<div class=\"elementor-container elementor-column-gap-default\">\n\t\t\t\t\t\t\t<div class=\"elementor-row\">\n\t\t\t\t\t<div class=\"elementor-column elementor-col-100 elementor-top-column elementor-element elementor-element-f7623c8\" data-id=\"f7623c8\" data-element_type=\"column\">\n\t\t\t<div class=\"elementor-column-wrap elementor-element-populated\">\n\t\t\t\t\t\t\t<div class=\"elementor-widget-wrap\">\n\t\t\t\t\t\t<div class=\"elementor-element elementor-element-5a933b6 elementor-widget elementor-widget-heading\" data-id=\"5a933b6\" data-element_type=\"widget\" data-widget_type=\"heading.default\">\n\t\t\t\t<div class=\"elementor-widget-container\">\n\t\t\t<h2 class=\"elementor-heading-title elementor-size-default\">Souple, Efficace et Rassurant !<\/h2>\t\t<\/div>\n\t\t\t\t<\/div>\n\t\t\t\t\t\t<\/div>\n\t\t\t\t\t<\/div>\n\t\t<\/div>\n\t\t\t\t\t\t\t\t<\/div>\n\t\t\t\t\t<\/div>\n\t\t<\/section>\n\t\t\t\t<section class=\"elementor-section elementor-top-section elementor-element elementor-element-38218f7 elementor-section-full_width elementor-section-height-default elementor-section-height-default\" data-id=\"38218f7\" data-element_type=\"section\" data-settings=\"{&quot;ekit_has_onepagescroll_dot&quot;:&quot;yes&quot;}\">\n\t\t\t\t\t\t<div class=\"elementor-container elementor-column-gap-default\">\n\t\t\t\t\t\t\t<div class=\"elementor-row\">\n\t\t\t\t\t<div class=\"elementor-column elementor-col-100 elementor-top-column elementor-element elementor-element-840ae63\" data-id=\"840ae63\" data-element_type=\"column\">\n\t\t\t<div class=\"elementor-column-wrap elementor-element-populated\">\n\t\t\t\t\t\t\t<div class=\"elementor-widget-wrap\">\n\t\t\t\t\t\t<div class=\"elementor-element elementor-element-39ff310 elementor-widget elementor-widget-image\" data-id=\"39ff310\" data-element_type=\"widget\" data-widget_type=\"image.default\">\n\t\t\t\t<div class=\"elementor-widget-container\">\n\t\t\t\t\t<div class=\"elementor-image\">\n\t\t\t\t\t\t\t\t\t\t<img width=\"580\" height=\"518\" src=\"https:\/\/phbbank.com\/wp-content\/uploads\/2020\/11\/Luxcard-1024x915.jpg\" class=\"attachment-large size-large\" alt=\"\" loading=\"lazy\" srcset=\"https:\/\/phbbank.com\/wp-content\/uploads\/2020\/11\/Luxcard-1024x915.jpg 1024w, https:\/\/phbbank.com\/wp-content\/uploads\/2020\/11\/Luxcard-600x536.jpg 600w, https:\/\/phbbank.com\/wp-content\/uploads\/2020\/11\/Luxcard-300x268.jpg 300w, https:\/\/phbbank.com\/wp-content\/uploads\/2020\/11\/Luxcard-768x686.jpg 768w, https:\/\/phbbank.com\/wp-content\/uploads\/2020\/11\/Luxcard-1536x1372.jpg 1536w, https:\/\/phbbank.com\/wp-content\/uploads\/2020\/11\/Luxcard-1200x1072.jpg 1200w, https:\/\/phbbank.com\/wp-content\/uploads\/2020\/11\/Luxcard-1980x1769.jpg 1980w, https:\/\/phbbank.com\/wp-content\/uploads\/2020\/11\/Luxcard.jpg 1989w\" sizes=\"(max-width: 580px) 100vw, 580px\" \/>\t\t\t\t\t\t\t\t\t\t\t<\/div>\n\t\t\t\t<\/div>\n\t\t\t\t<\/div>\n\t\t\t\t\t\t<\/div>\n\t\t\t\t\t<\/div>\n\t\t<\/div>\n\t\t\t\t\t\t\t\t<\/div>\n\t\t\t\t\t<\/div>\n\t\t<\/section>\n\t\t\t\t<section class=\"elementor-section elementor-top-section elementor-element elementor-element-58ed07b elementor-section-boxed elementor-section-height-default elementor-section-height-default\" data-id=\"58ed07b\" data-element_type=\"section\" data-settings=\"{&quot;background_background&quot;:&quot;classic&quot;,&quot;ekit_has_onepagescroll_dot&quot;:&quot;yes&quot;}\">\n\t\t\t\t\t\t<div class=\"elementor-container elementor-column-gap-default\">\n\t\t\t\t\t\t\t<div class=\"elementor-row\">\n\t\t\t\t\t<div class=\"elementor-column elementor-col-100 elementor-top-column elementor-element elementor-element-a93f635\" data-id=\"a93f635\" data-element_type=\"column\">\n\t\t\t<div class=\"elementor-column-wrap elementor-element-populated\">\n\t\t\t\t\t\t\t<div class=\"elementor-widget-wrap\">\n\t\t\t\t\t\t<div class=\"elementor-element elementor-element-755b0c3 elementor-widget elementor-widget-heading\" data-id=\"755b0c3\" data-element_type=\"widget\" data-widget_type=\"heading.default\">\n\t\t\t\t<div class=\"elementor-widget-container\">\n\t\t\t<h2 class=\"elementor-heading-title elementor-size-default\">LuXcard<\/h2>\t\t<\/div>\n\t\t\t\t<\/div>\n\t\t\t\t\t\t<\/div>\n\t\t\t\t\t<\/div>\n\t\t<\/div>\n\t\t\t\t\t\t\t\t<\/div>\n\t\t\t\t\t<\/div>\n\t\t<\/section>\n\t\t\t\t<section class=\"elementor-section elementor-inner-section elementor-element elementor-element-f22fa9e elementor-section-content-bottom elementor-section-boxed elementor-section-height-default elementor-section-height-default\" data-id=\"f22fa9e\" data-element_type=\"section\" data-settings=\"{&quot;background_background&quot;:&quot;classic&quot;,&quot;ekit_has_onepagescroll_dot&quot;:&quot;yes&quot;}\">\n\t\t\t\t\t\t<div class=\"elementor-container elementor-column-gap-default\">\n\t\t\t\t\t\t\t<div class=\"elementor-row\">\n\t\t\t\t\t<div class=\"elementor-column elementor-col-100 elementor-inner-column elementor-element elementor-element-1025d883\" data-id=\"1025d883\" data-element_type=\"column\">\n\t\t\t<div class=\"elementor-column-wrap elementor-element-populated\">\n\t\t\t\t\t\t\t<div class=\"elementor-widget-wrap\">\n\t\t\t\t\t\t<div class=\"elementor-element elementor-element-3b1e6b1a elementor-widget elementor-widget-elementskit-heading\" data-id=\"3b1e6b1a\" data-element_type=\"widget\" data-widget_type=\"elementskit-heading.default\">\n\t\t\t\t<div class=\"elementor-widget-container\">\n\t\t\t<div class=\"ekit-wid-con\" ><div class=\"ekit-heading elementskit-section-title-wraper text_left   ekit_heading_tablet-   ekit_heading_mobile-\"><h6 class=\"elementskit-section-title \">\r\n\t\t\t\t\t<span><span>Prix<\/span><\/span> : 0,61 Euros\/Mois\r\n\t\t\t\t<\/h6><\/div><\/div>\t\t<\/div>\n\t\t\t\t<\/div>\n\t\t\t\t<div class=\"elementor-element elementor-element-4523ec9 elementor-widget elementor-widget-elementskit-heading\" data-id=\"4523ec9\" data-element_type=\"widget\" data-widget_type=\"elementskit-heading.default\">\n\t\t\t\t<div class=\"elementor-widget-container\">\n\t\t\t<div class=\"ekit-wid-con\" ><div class=\"ekit-heading elementskit-section-title-wraper text_left   ekit_heading_tablet-   ekit_heading_mobile-\"><h6 class=\"elementskit-section-title \">\r\n\t\t\t\t\t<span><span>Statut<\/span><\/span> : PRIVILEGE\r\n\t\t\t\t<\/h6><\/div><\/div>\t\t<\/div>\n\t\t\t\t<\/div>\n\t\t\t\t<div class=\"elementor-element elementor-element-26a79a6 elementor-widget elementor-widget-text-editor\" data-id=\"26a79a6\" data-element_type=\"widget\" data-widget_type=\"text-editor.default\">\n\t\t\t\t<div class=\"elementor-widget-container\">\n\t\t\t\t\t<div class=\"elementor-text-editor elementor-clearfix\"><p><span style=\"font-weight: 400;\">R\u00e9serv\u00e9e aux membres Privil\u00e8ge, la LuXcard est une carte bancaire internationale haut de gamme. Elle vous permet de transf\u00e9rer et de recevoir des fonds gratuitement aux modes Privilege \u00e0 Citizen et Privilege \u00e0 Privilege jusqu\u2019\u00e0 Cent Quarante Neuf Euros Quatre Vingt Dix Neuf Cents (149,99\u20ac) par mois. Au-del\u00e0 de Cent Quarante Neuf Euros Quatre Vingt Dix Neuf Cents (149,99\u20ac) par mois, de tr\u00e8s faibles frais de transfert allant de 0,2% \u00e0 0,5% du montant \u00e0 envoyer ou \u00e0 recevoir s\u2019appliqueront sur vos transferts au sein de la communaut\u00e9 et de 1% \u00e0 3% sur vos transferts en dehors de la communaut\u00e9 PHB BANK.<\/span><\/p><\/div>\n\t\t\t\t<\/div>\n\t\t\t\t<\/div>\n\t\t\t\t\t\t<\/div>\n\t\t\t\t\t<\/div>\n\t\t<\/div>\n\t\t\t\t\t\t\t\t<\/div>\n\t\t\t\t\t<\/div>\n\t\t<\/section>\n\t\t\t\t<section class=\"elementor-section elementor-top-section elementor-element elementor-element-230bf246 elementor-section-boxed elementor-section-height-default elementor-section-height-default\" data-id=\"230bf246\" data-element_type=\"section\" data-settings=\"{&quot;background_background&quot;:&quot;classic&quot;,&quot;ekit_has_onepagescroll_dot&quot;:&quot;yes&quot;}\">\n\t\t\t\t\t\t<div class=\"elementor-container elementor-column-gap-default\">\n\t\t\t\t\t\t\t<div class=\"elementor-row\">\n\t\t\t\t\t<div class=\"elementor-column elementor-col-100 elementor-top-column elementor-element elementor-element-3a29d0c8\" data-id=\"3a29d0c8\" data-element_type=\"column\">\n\t\t\t<div class=\"elementor-column-wrap elementor-element-populated\">\n\t\t\t\t\t\t\t<div class=\"elementor-widget-wrap\">\n\t\t\t\t\t\t<div class=\"elementor-element elementor-element-53ae693f elementor-align-center elementor-mobile-align-justify elementor-button-success elementor-widget elementor-widget-button\" data-id=\"53ae693f\" data-element_type=\"widget\" data-widget_type=\"button.default\">\n\t\t\t\t<div class=\"elementor-widget-container\">\n\t\t\t\t\t<div class=\"elementor-button-wrapper\">\n\t\t\t<a href=\"https:\/\/wa.me\/?text=Salut!%20Je%20viens%20de%20d\u00e9couvrir%20le%20Quantum-Banking%20et%20j&#039;ai%20ouvert%20un%20compte%20multidevises%20avec%20PHB%20BANK.%20Je%20t&#039;invite%20\u00e0%20vivre%20l&#039;exp\u00e9rience.%20C&#039;est%20facile,%20Rapide%20et%20Gratuit.%20%20https:\/\/phbbank.com\/liste\/\" class=\"elementor-button-link elementor-button elementor-size-sm\" role=\"button\">\n\t\t\t\t\t\t<span class=\"elementor-button-content-wrapper\">\n\t\t\t\t\t\t<span class=\"elementor-button-icon elementor-align-icon-left\">\n\t\t\t\t<i aria-hidden=\"true\" class=\"fab fa-whatsapp\"><\/i>\t\t\t<\/span>\n\t\t\t\t\t\t<span class=\"elementor-button-text\">Invitez vos contacts<\/span>\n\t\t<\/span>\n\t\t\t\t\t<\/a>\n\t\t<\/div>\n\t\t\t\t<\/div>\n\t\t\t\t<\/div>\n\t\t\t\t\t\t<\/div>\n\t\t\t\t\t<\/div>\n\t\t<\/div>\n\t\t\t\t\t\t\t\t<\/div>\n\t\t\t\t\t<\/div>\n\t\t<\/section>\n\t\t\t\t<section class=\"elementor-section elementor-top-section elementor-element elementor-element-6f853c5 elementor-section-full_width elementor-section-height-default elementor-section-height-default\" data-id=\"6f853c5\" data-element_type=\"section\" data-settings=\"{&quot;ekit_has_onepagescroll_dot&quot;:&quot;yes&quot;}\">\n\t\t\t\t\t\t<div class=\"elementor-container elementor-column-gap-default\">\n\t\t\t\t\t\t\t<div class=\"elementor-row\">\n\t\t\t\t\t<div class=\"elementor-column elementor-col-100 elementor-top-column elementor-element elementor-element-004f1ac\" data-id=\"004f1ac\" data-element_type=\"column\">\n\t\t\t<div class=\"elementor-column-wrap elementor-element-populated\">\n\t\t\t\t\t\t\t<div class=\"elementor-widget-wrap\">\n\t\t\t\t\t\t<div class=\"elementor-element elementor-element-7e89602 elementor-widget elementor-widget-image\" data-id=\"7e89602\" data-element_type=\"widget\" data-widget_type=\"image.default\">\n\t\t\t\t<div class=\"elementor-widget-container\">\n\t\t\t\t\t<div class=\"elementor-image\">\n\t\t\t\t\t\t\t\t\t\t<img width=\"580\" height=\"395\" src=\"https:\/\/phbbank.com\/wp-content\/uploads\/2020\/11\/black-musim-woman-posing-with-colorful-shopping-ba-23XSCRC-1024x698.jpg\" class=\"attachment-large size-large\" alt=\"\" loading=\"lazy\" srcset=\"https:\/\/phbbank.com\/wp-content\/uploads\/2020\/11\/black-musim-woman-posing-with-colorful-shopping-ba-23XSCRC-1024x698.jpg 1024w, https:\/\/phbbank.com\/wp-content\/uploads\/2020\/11\/black-musim-woman-posing-with-colorful-shopping-ba-23XSCRC-scaled-600x409.jpg 600w, https:\/\/phbbank.com\/wp-content\/uploads\/2020\/11\/black-musim-woman-posing-with-colorful-shopping-ba-23XSCRC-300x205.jpg 300w, https:\/\/phbbank.com\/wp-content\/uploads\/2020\/11\/black-musim-woman-posing-with-colorful-shopping-ba-23XSCRC-768x524.jpg 768w, https:\/\/phbbank.com\/wp-content\/uploads\/2020\/11\/black-musim-woman-posing-with-colorful-shopping-ba-23XSCRC-1536x1048.jpg 1536w, https:\/\/phbbank.com\/wp-content\/uploads\/2020\/11\/black-musim-woman-posing-with-colorful-shopping-ba-23XSCRC-2048x1397.jpg 2048w, https:\/\/phbbank.com\/wp-content\/uploads\/2020\/11\/black-musim-woman-posing-with-colorful-shopping-ba-23XSCRC-1200x818.jpg 1200w, https:\/\/phbbank.com\/wp-content\/uploads\/2020\/11\/black-musim-woman-posing-with-colorful-shopping-ba-23XSCRC-1980x1350.jpg 1980w\" sizes=\"(max-width: 580px) 100vw, 580px\" \/>\t\t\t\t\t\t\t\t\t\t\t<\/div>\n\t\t\t\t<\/div>\n\t\t\t\t<\/div>\n\t\t\t\t\t\t<\/div>\n\t\t\t\t\t<\/div>\n\t\t<\/div>\n\t\t\t\t\t\t\t\t<\/div>\n\t\t\t\t\t<\/div>\n\t\t<\/section>\n\t\t\t\t<section class=\"elementor-section elementor-inner-section elementor-element elementor-element-55bb873 elementor-section-content-top elementor-section-boxed elementor-section-height-default elementor-section-height-default\" data-id=\"55bb873\" data-element_type=\"section\" data-settings=\"{&quot;background_background&quot;:&quot;classic&quot;,&quot;ekit_has_onepagescroll_dot&quot;:&quot;yes&quot;}\">\n\t\t\t\t\t\t<div class=\"elementor-container elementor-column-gap-default\">\n\t\t\t\t\t\t\t<div class=\"elementor-row\">\n\t\t\t\t\t<div class=\"elementor-column elementor-col-100 elementor-inner-column elementor-element elementor-element-5245391\" data-id=\"5245391\" data-element_type=\"column\">\n\t\t\t<div class=\"elementor-column-wrap elementor-element-populated\">\n\t\t\t\t\t\t\t<div class=\"elementor-widget-wrap\">\n\t\t\t\t\t\t<div class=\"elementor-element elementor-element-426def0 elementor-widget elementor-widget-heading\" data-id=\"426def0\" data-element_type=\"widget\" data-widget_type=\"heading.default\">\n\t\t\t\t<div class=\"elementor-widget-container\">\n\t\t\t<h2 class=\"elementor-heading-title elementor-size-default\">Avec la LuXcard,<\/h2>\t\t<\/div>\n\t\t\t\t<\/div>\n\t\t\t\t<div class=\"elementor-element elementor-element-7f1a341 elementor-icon-list--layout-traditional elementor-list-item-link-full_width elementor-widget elementor-widget-icon-list\" data-id=\"7f1a341\" data-element_type=\"widget\" data-widget_type=\"icon-list.default\">\n\t\t\t\t<div class=\"elementor-widget-container\">\n\t\t\t\t\t<ul class=\"elementor-icon-list-items\">\n\t\t\t\t\t\t\t<li class=\"elementor-icon-list-item\">\n\t\t\t\t\t\t\t\t\t\t\t<span class=\"elementor-icon-list-icon\">\n\t\t\t\t\t\t\t<i aria-hidden=\"true\" class=\"fas fa-check\"><\/i>\t\t\t\t\t\t<\/span>\n\t\t\t\t\t\t\t\t\t\t<span class=\"elementor-icon-list-text\">Envoyez et Recevez de l\u2019argent Gratuitement j\u2019usqu\u2019\u00e0 Cent Quarante Neuf  Euros Quatre Vingt Dix Neuf Cents (149,99\u20ac) par mois.<\/span>\n\t\t\t\t\t\t\t\t\t<\/li>\n\t\t\t\t\t\t\t\t<li class=\"elementor-icon-list-item\">\n\t\t\t\t\t\t\t\t\t\t\t<span class=\"elementor-icon-list-icon\">\n\t\t\t\t\t\t\t<i aria-hidden=\"true\" class=\"fas fa-check\"><\/i>\t\t\t\t\t\t<\/span>\n\t\t\t\t\t\t\t\t\t\t<span class=\"elementor-icon-list-text\">Au-del\u00e0 de Cent Quarante Neuf  Euros Quatre Vingt Dix Neuf Cents (149,99\u20ac) payez 0,2% \u00e0 0,5% du montant \u00e0 envoyer ou \u00e0 recevoir au sein de la Communaut\u00e9 PHB BANK.<\/span>\n\t\t\t\t\t\t\t\t\t<\/li>\n\t\t\t\t\t\t\t\t<li class=\"elementor-icon-list-item\">\n\t\t\t\t\t\t\t\t\t\t\t<span class=\"elementor-icon-list-icon\">\n\t\t\t\t\t\t\t<i aria-hidden=\"true\" class=\"fas fa-check\"><\/i>\t\t\t\t\t\t<\/span>\n\t\t\t\t\t\t\t\t\t\t<span class=\"elementor-icon-list-text\">Au-del\u00e0 de Cent Quarante Neuf  Euros Quatre Vingt Dix Neuf Cents (149,99\u20ac), payez 1% \u00e0 3% sur vos transferts en dehors de la communaut\u00e9 PHB BANK.<\/span>\n\t\t\t\t\t\t\t\t\t<\/li>\n\t\t\t\t\t\t\t\t<li class=\"elementor-icon-list-item\">\n\t\t\t\t\t\t\t\t\t\t\t<span class=\"elementor-icon-list-icon\">\n\t\t\t\t\t\t\t<i aria-hidden=\"true\" class=\"fas fa-check\"><\/i>\t\t\t\t\t\t<\/span>\n\t\t\t\t\t\t\t\t\t\t<span class=\"elementor-icon-list-text\">Clarifiez les notes de frais gr\u00e2ce au relev\u00e9 d\u00e9taill\u00e9 de toutes les op\u00e9rations effectu\u00e9es.<\/span>\n\t\t\t\t\t\t\t\t\t<\/li>\n\t\t\t\t\t\t\t\t<li class=\"elementor-icon-list-item\">\n\t\t\t\t\t\t\t\t\t\t\t<span class=\"elementor-icon-list-icon\">\n\t\t\t\t\t\t\t<i aria-hidden=\"true\" class=\"fas fa-check\"><\/i>\t\t\t\t\t\t<\/span>\n\t\t\t\t\t\t\t\t\t\t<span class=\"elementor-icon-list-text\">Contr\u00f4lez pr\u00e9cis\u00e9ment et en permanence les frais professionnels engag\u00e9s.<\/span>\n\t\t\t\t\t\t\t\t\t<\/li>\n\t\t\t\t\t\t\t\t<li class=\"elementor-icon-list-item\">\n\t\t\t\t\t\t\t\t\t\t\t<span class=\"elementor-icon-list-icon\">\n\t\t\t\t\t\t\t<i aria-hidden=\"true\" class=\"fas fa-check\"><\/i>\t\t\t\t\t\t<\/span>\n\t\t\t\t\t\t\t\t\t\t<span class=\"elementor-icon-list-text\">Supprimez les avances de frais.<\/span>\n\t\t\t\t\t\t\t\t\t<\/li>\n\t\t\t\t\t\t\t\t<li class=\"elementor-icon-list-item\">\n\t\t\t\t\t\t\t\t\t\t\t<span class=\"elementor-icon-list-icon\">\n\t\t\t\t\t\t\t<i aria-hidden=\"true\" class=\"fas fa-check\"><\/i>\t\t\t\t\t\t<\/span>\n\t\t\t\t\t\t\t\t\t\t<span class=\"elementor-icon-list-text\">R\u00e9duisez les achats de devises.<\/span>\n\t\t\t\t\t\t\t\t\t<\/li>\n\t\t\t\t\t\t\t\t<li class=\"elementor-icon-list-item\">\n\t\t\t\t\t\t\t\t\t\t\t<span class=\"elementor-icon-list-icon\">\n\t\t\t\t\t\t\t<i aria-hidden=\"true\" class=\"fas fa-check\"><\/i>\t\t\t\t\t\t<\/span>\n\t\t\t\t\t\t\t\t\t\t<span class=\"elementor-icon-list-text\">B\u00e9n\u00e9ficiez de services d\u2019assistance et d\u2019assurance.<\/span>\n\t\t\t\t\t\t\t\t\t<\/li>\n\t\t\t\t\t\t<\/ul>\n\t\t\t\t<\/div>\n\t\t\t\t<\/div>\n\t\t\t\t<div class=\"elementor-element elementor-element-91d5067 elementor-widget elementor-widget-alert\" data-id=\"91d5067\" data-element_type=\"widget\" data-widget_type=\"alert.default\">\n\t\t\t\t<div class=\"elementor-widget-container\">\n\t\t\t\t\t<div class=\"elementor-alert elementor-alert-danger\" role=\"alert\">\n\t\t\t<span class=\"elementor-alert-title\">En cas de perte ou de vol de la carte \u00e0 l\u2019\u00e9tranger, <\/span>\n\t\t\t\t\t\t\t<span class=\"elementor-alert-description\">vous pouvez obtenir sous 48h une carte provisoire de remplacement ainsi que la mise \u00e0 disposition d\u2019une avance de fonds. R\u00e9glez vos achats professionnels et retirez de l\u2019argent.<\/span>\n\t\t\t\t\t\t\t\t<\/div>\n\t\t\t\t<\/div>\n\t\t\t\t<\/div>\n\t\t\t\t\t\t<\/div>\n\t\t\t\t\t<\/div>\n\t\t<\/div>\n\t\t\t\t\t\t\t\t<\/div>\n\t\t\t\t\t<\/div>\n\t\t<\/section>\n\t\t\t\t<section class=\"elementor-section elementor-top-section elementor-element elementor-element-570ccba elementor-section-content-middle elementor-reverse-mobile elementor-section-boxed elementor-section-height-default elementor-section-height-default\" data-id=\"570ccba\" data-element_type=\"section\" data-settings=\"{&quot;background_background&quot;:&quot;classic&quot;,&quot;ekit_has_onepagescroll_dot&quot;:&quot;yes&quot;}\">\n\t\t\t\t\t\t<div class=\"elementor-container elementor-column-gap-default\">\n\t\t\t\t\t\t\t<div class=\"elementor-row\">\n\t\t\t\t\t<div class=\"elementor-column elementor-col-100 elementor-top-column elementor-element elementor-element-15be3e4\" data-id=\"15be3e4\" data-element_type=\"column\">\n\t\t\t<div class=\"elementor-column-wrap elementor-element-populated\">\n\t\t\t\t\t\t\t<div class=\"elementor-widget-wrap\">\n\t\t\t\t\t\t<div class=\"elementor-element elementor-element-4c9fbfa elementor-align-justify elementor-widget elementor-widget-button\" data-id=\"4c9fbfa\" data-element_type=\"widget\" data-widget_type=\"button.default\">\n\t\t\t\t<div class=\"elementor-widget-container\">\n\t\t\t\t\t<div class=\"elementor-button-wrapper\">\n\t\t\t<a href=\"https:\/\/phbbank.com\/liste\/\" class=\"elementor-button-link elementor-button elementor-size-sm\" role=\"button\">\n\t\t\t\t\t\t<span class=\"elementor-button-content-wrapper\">\n\t\t\t\t\t\t<span class=\"elementor-button-text\">Acheter<\/span>\n\t\t<\/span>\n\t\t\t\t\t<\/a>\n\t\t<\/div>\n\t\t\t\t<\/div>\n\t\t\t\t<\/div>\n\t\t\t\t\t\t<\/div>\n\t\t\t\t\t<\/div>\n\t\t<\/div>\n\t\t\t\t\t\t\t\t<\/div>\n\t\t\t\t\t<\/div>\n\t\t<\/section>\n\t\t\t\t<section class=\"elementor-section elementor-top-section elementor-element elementor-element-7f8d705 elementor-section-boxed elementor-section-height-default elementor-section-height-default\" data-id=\"7f8d705\" data-element_type=\"section\" data-settings=\"{&quot;background_background&quot;:&quot;classic&quot;,&quot;ekit_has_onepagescroll_dot&quot;:&quot;yes&quot;}\">\n\t\t\t\t\t\t<div class=\"elementor-container elementor-column-gap-default\">\n\t\t\t\t\t\t\t<div class=\"elementor-row\">\n\t\t\t\t\t<div class=\"elementor-column elementor-col-100 elementor-top-column elementor-element elementor-element-59c0191\" data-id=\"59c0191\" data-element_type=\"column\">\n\t\t\t<div class=\"elementor-column-wrap elementor-element-populated\">\n\t\t\t\t\t\t\t<div class=\"elementor-widget-wrap\">\n\t\t\t\t\t\t<div class=\"elementor-element elementor-element-4611e8c elementor-align-center elementor-mobile-align-justify elementor-button-success elementor-widget elementor-widget-button\" data-id=\"4611e8c\" data-element_type=\"widget\" data-widget_type=\"button.default\">\n\t\t\t\t<div class=\"elementor-widget-container\">\n\t\t\t\t\t<div class=\"elementor-button-wrapper\">\n\t\t\t<a href=\"https:\/\/wa.me\/?text=Salut!%20Je%20viens%20de%20d\u00e9couvrir%20le%20Quantum-Banking%20et%20j&#039;ai%20ouvert%20un%20compte%20multidevises%20avec%20PHB%20BANK.%20Je%20t&#039;invite%20\u00e0%20vivre%20l&#039;exp\u00e9rience.%20C&#039;est%20facile,%20Rapide%20et%20Gratuit.%20%20https:\/\/phbbank.com\/liste\/\" class=\"elementor-button-link elementor-button elementor-size-sm\" role=\"button\">\n\t\t\t\t\t\t<span class=\"elementor-button-content-wrapper\">\n\t\t\t\t\t\t<span class=\"elementor-button-icon elementor-align-icon-left\">\n\t\t\t\t<i aria-hidden=\"true\" class=\"fab fa-whatsapp\"><\/i>\t\t\t<\/span>\n\t\t\t\t\t\t<span class=\"elementor-button-text\">Invitez vos contacts<\/span>\n\t\t<\/span>\n\t\t\t\t\t<\/a>\n\t\t<\/div>\n\t\t\t\t<\/div>\n\t\t\t\t<\/div>\n\t\t\t\t\t\t<\/div>\n\t\t\t\t\t<\/div>\n\t\t<\/div>\n\t\t\t\t\t\t\t\t<\/div>\n\t\t\t\t\t<\/div>\n\t\t<\/section>\n\t\t\t\t\t\t<\/div>\n\t\t\t\t\t\t<\/div>\n\t\t\t\t\t<\/div>\n\t\t","protected":false},"excerpt":{"rendered":"<p>Souple, Efficace et Rassurant ! LuXcard Prix : 0,61 Euros\/Mois Statut : PRIVILEGE R\u00e9serv\u00e9e aux membres Privil\u00e8ge, la LuXcard est une carte bancaire internationale haut de gamme. Elle vous permet de transf\u00e9rer et de recevoir des fonds gratuitement aux modes Privilege \u00e0 Citizen et Privilege \u00e0 Privilege jusqu\u2019\u00e0 Cent Quarante Neuf Euros Quatre Vingt Dix [&hellip;]<\/p>\n","protected":false},"author":1,"featured_media":0,"parent":0,"menu_order":0,"comment_status":"closed","ping_status":"closed","template":"elementor_header_footer","meta":[],"yoast_head":"<!-- This site is optimized with the Yoast SEO plugin v15.4 - https:\/\/yoast.com\/wordpress\/plugins\/seo\/ -->\n<title>LuXcard - PHB BANK<\/title>\n<meta name=\"robots\" content=\"index, follow, max-snippet:-1, max-image-preview:large, max-video-preview:-1\" \/>\n<link rel=\"canonical\" href=\"https:\/\/phbbank.com\/index.php\/luxcard\/\" \/>\n<meta property=\"og:locale\" content=\"fr_FR\" \/>\n<meta property=\"og:type\" content=\"article\" \/>\n<meta property=\"og:title\" content=\"LuXcard - PHB BANK\" \/>\n<meta property=\"og:description\" content=\"Souple, Efficace et Rassurant ! LuXcard Prix : 0,61 Euros\/Mois Statut : PRIVILEGE R\u00e9serv\u00e9e aux membres Privil\u00e8ge, la LuXcard est une carte bancaire internationale haut de gamme. Elle vous permet de transf\u00e9rer et de recevoir des fonds gratuitement aux modes Privilege \u00e0 Citizen et Privilege \u00e0 Privilege jusqu\u2019\u00e0 Cent Quarante Neuf Euros Quatre Vingt Dix [&hellip;]\" \/>\n<meta property=\"og:url\" content=\"https:\/\/phbbank.com\/index.php\/luxcard\/\" \/>\n<meta property=\"og:site_name\" content=\"PHB BANK\" \/>\n<meta property=\"article:modified_time\" content=\"2020-12-05T16:47:08+00:00\" \/>\n<meta property=\"og:image\" content=\"https:\/\/phbbank.com\/wp-content\/uploads\/2020\/11\/Luxcard-1024x915.jpg\" \/>\n<meta name=\"twitter:card\" content=\"summary_large_image\" \/>\n<meta name=\"twitter:label1\" content=\"\u00c9crit par\">\n\t<meta name=\"twitter:data1\" content=\"pierre.ba\">\n\t<meta name=\"twitter:label2\" content=\"Dur\u00e9e de lecture est.\">\n\t<meta name=\"twitter:data2\" content=\"1 minute\">\n<script type=\"application\/ld+json\" class=\"yoast-schema-graph\">{\"@context\":\"https:\/\/schema.org\",\"@graph\":[{\"@type\":\"Organization\",\"@id\":\"https:\/\/phbbank.com\/#organization\",\"name\":\"PHB BANK\",\"url\":\"https:\/\/phbbank.com\/\",\"sameAs\":[],\"logo\":{\"@type\":\"ImageObject\",\"@id\":\"https:\/\/phbbank.com\/#logo\",\"inLanguage\":\"fr-FR\",\"url\":\"https:\/\/phbbank.com\/wp-content\/uploads\/2020\/12\/PHB-BANK.jpg\",\"width\":1366,\"height\":768,\"caption\":\"PHB BANK\"},\"image\":{\"@id\":\"https:\/\/phbbank.com\/#logo\"}},{\"@type\":\"WebSite\",\"@id\":\"https:\/\/phbbank.com\/#website\",\"url\":\"https:\/\/phbbank.com\/\",\"name\":\"PHB BANK\",\"description\":\"Mieux que votre banque !\",\"publisher\":{\"@id\":\"https:\/\/phbbank.com\/#organization\"},\"potentialAction\":[{\"@type\":\"SearchAction\",\"target\":\"https:\/\/phbbank.com\/?s={search_term_string}\",\"query-input\":\"required name=search_term_string\"}],\"inLanguage\":\"fr-FR\"},{\"@type\":\"ImageObject\",\"@id\":\"https:\/\/phbbank.com\/index.php\/luxcard\/#primaryimage\",\"inLanguage\":\"fr-FR\",\"url\":\"https:\/\/phbbank.com\/wp-content\/uploads\/2020\/11\/Luxcard.jpg\",\"width\":1989,\"height\":1777},{\"@type\":\"WebPage\",\"@id\":\"https:\/\/phbbank.com\/index.php\/luxcard\/#webpage\",\"url\":\"https:\/\/phbbank.com\/index.php\/luxcard\/\",\"name\":\"LuXcard - PHB BANK\",\"isPartOf\":{\"@id\":\"https:\/\/phbbank.com\/#website\"},\"primaryImageOfPage\":{\"@id\":\"https:\/\/phbbank.com\/index.php\/luxcard\/#primaryimage\"},\"datePublished\":\"2020-10-25T03:03:52+00:00\",\"dateModified\":\"2020-12-05T16:47:08+00:00\",\"inLanguage\":\"fr-FR\",\"potentialAction\":[{\"@type\":\"ReadAction\",\"target\":[\"https:\/\/phbbank.com\/index.php\/luxcard\/\"]}]}]}<\/script>\n<!-- \/ Yoast SEO plugin. -->","_links":{"self":[{"href":"https:\/\/phbbank.com\/index.php\/wp-json\/wp\/v2\/pages\/850"}],"collection":[{"href":"https:\/\/phbbank.com\/index.php\/wp-json\/wp\/v2\/pages"}],"about":[{"href":"https:\/\/phbbank.com\/index.php\/wp-json\/wp\/v2\/types\/page"}],"author":[{"embeddable":true,"href":"https:\/\/phbbank.com\/index.php\/wp-json\/wp\/v2\/users\/1"}],"replies":[{"embeddable":true,"href":"https:\/\/phbbank.com\/index.php\/wp-json\/wp\/v2\/comments?post=850"}],"version-history":[{"count":74,"href":"https:\/\/phbbank.com\/index.php\/wp-json\/wp\/v2\/pages\/850\/revisions"}],"predecessor-version":[{"id":3107,"href":"https:\/\/phbbank.com\/index.php\/wp-json\/wp\/v2\/pages\/850\/revisions\/3107"}],"wp:attachment":[{"href":"https:\/\/phbbank.com\/index.php\/wp-json\/wp\/v2\/media?parent=850"}],"curies":[{"name":"wp","href":"https:\/\/api.w.org\/{rel}","templated":true}]}}